{"id":908,"date":"2024-01-15T22:08:54","date_gmt":"2024-01-15T21:08:54","guid":{"rendered":"http:\/\/baradahan.com\/?page_id=908"},"modified":"2024-01-15T22:08:54","modified_gmt":"2024-01-15T21:08:54","slug":"mentions-legales","status":"publish","type":"page","link":"https:\/\/baradahan.com\/index.php\/mentions-legales\/","title":{"rendered":"Mentions l\u00e9gales"},"content":{"rendered":"<p>[et_pb_section fb_built=\u00a0\u00bb1&Prime; theme_builder_area=\u00a0\u00bbpost_content\u00a0\u00bb _builder_version=\u00a0\u00bb4.18.0&Prime; _module_preset=\u00a0\u00bbdefault\u00a0\u00bb][et_pb_row _builder_version=\u00a0\u00bb4.18.0&Prime; _module_preset=\u00a0\u00bbdefault\u00a0\u00bb theme_builder_area=\u00a0\u00bbpost_content\u00a0\u00bb][et_pb_column _builder_version=\u00a0\u00bb4.18.0&Prime; _module_preset=\u00a0\u00bbdefault\u00a0\u00bb type=\u00a0\u00bb4_4&Prime; theme_builder_area=\u00a0\u00bbpost_content\u00a0\u00bb][et_pb_text _builder_version=\u00a0\u00bb4.18.0&Prime; _module_preset=\u00a0\u00bbdefault\u00a0\u00bb theme_builder_area=\u00a0\u00bbpost_content\u00a0\u00bb hover_enabled=\u00a0\u00bb0&Prime; sticky_enabled=\u00a0\u00bb0&Prime;]<\/p>\n<p><strong>Mentions L\u00e9gales du Site Web<\/strong><\/p>\n<p><strong>\u00c9diteur du Site :<\/strong> SELAS BARA DAHAN AVOCATS, ayant son si\u00e8ge social sis 48 cours Pierre PUGET 13006 MARSEILLE, t\u00e9l\u00e9phone : 0659608681, mail : contact@selas-bara.com, SELAS(U), Capital social : 100 000 euros, Num\u00e9ro d&rsquo;enregistrement (SIRET 82462965300026), \u00a0directeur ou du responsable de la publication : DAHAN Sarah<\/p>\n<p><strong>H\u00e9bergement :<\/strong><\/p>\n<p>SAS au capital de 10 174 560 \u20ac<\/p>\n<p>RCS Lille M\u00e9tropole 424 761 419 00045<br \/>Code APE 2620Z<br \/>N\u00b0 TVA : FR 22 424 761 419<br \/>Si\u00e8ge social : 2 rue Kellermann &#8211; 59100 Roubaix &#8211; France<\/p>\n<p>OVH SAS est une filiale de la soci\u00e9t\u00e9 OVH Groupe SA, soci\u00e9t\u00e9 immatricul\u00e9e au RCS de Lille sous le num\u00e9ro 537 407 926 sise 2, rue Kellermann, 59100 Roubaix.<\/p>\n<p>Directeur de la publication\u00a0:\u00a0Michel Paulin<\/p>\n<p>Ce site est h\u00e9berg\u00e9 par OVH SAS 2 rue Kellermann &#8211; 59100 Roubaix &#8211; France<\/p>\n<p><strong>Propri\u00e9t\u00e9 Intellectuelle :<\/strong> Les contenus (textes, images, graphismes, logo, etc.) sont la propri\u00e9t\u00e9 de l&rsquo;\u00e9diteur ou de ses partenaires et sont prot\u00e9g\u00e9s par les lois sur la propri\u00e9t\u00e9 intellectuelle.<\/p>\n<p><strong>Responsabilit\u00e9 :<\/strong> L&rsquo;\u00e9diteur ne peut \u00eatre tenu responsable des informations et opinions publi\u00e9es sur le site.<\/p>\n<p><strong>Donn\u00e9es Personnelles :<\/strong> Politique en mati\u00e8re de traitement des donn\u00e9es personnelles et de respect de la vie priv\u00e9e, conform\u00e9ment au RGPD.<\/p>\n<p><strong>Modification des Mentions L\u00e9gales :<\/strong> L&rsquo;\u00e9diteur se r\u00e9serve le droit de modifier les mentions \u00e0 tout moment.<\/p>\n<p>[\/et_pb_text][\/et_pb_column][\/et_pb_row][\/et_pb_section]<\/p>\n","protected":false},"excerpt":{"rendered":"<p>Mentions L\u00e9gales du Site Web \u00c9diteur du Site : SELAS BARA DAHAN AVOCATS, ayant son si\u00e8ge social sis 48 cours Pierre PUGET 13006 MARSEILLE, t\u00e9l\u00e9phone : 0659608681, mail : contact@selas-bara.com, SELAS(U), Capital social : 100 000 euros, Num\u00e9ro d&rsquo;enregistrement (SIRET 82462965300026), \u00a0directeur ou du responsable de la publication : DAHAN Sarah H\u00e9bergement : SAS au [&hellip;]<\/p>\n","protected":false},"author":1,"featured_media":0,"parent":0,"menu_order":0,"comment_status":"closed","ping_status":"closed","template":"","meta":{"_et_pb_use_builder":"on","_et_pb_old_content":"","_et_gb_content_width":"","footnotes":""},"class_list":["post-908","page","type-page","status-publish","hentry"],"_links":{"self":[{"href":"https:\/\/baradahan.com\/index.php\/wp-json\/wp\/v2\/pages\/908","targetHints":{"allow":["GET"]}}],"collection":[{"href":"https:\/\/baradahan.com\/index.php\/wp-json\/wp\/v2\/pages"}],"about":[{"href":"https:\/\/baradahan.com\/index.php\/wp-json\/wp\/v2\/types\/page"}],"author":[{"embeddable":true,"href":"https:\/\/baradahan.com\/index.php\/wp-json\/wp\/v2\/users\/1"}],"replies":[{"embeddable":true,"href":"https:\/\/baradahan.com\/index.php\/wp-json\/wp\/v2\/comments?post=908"}],"version-history":[{"count":2,"href":"https:\/\/baradahan.com\/index.php\/wp-json\/wp\/v2\/pages\/908\/revisions"}],"predecessor-version":[{"id":911,"href":"https:\/\/baradahan.com\/index.php\/wp-json\/wp\/v2\/pages\/908\/revisions\/911"}],"wp:attachment":[{"href":"https:\/\/baradahan.com\/index.php\/wp-json\/wp\/v2\/media?parent=908"}],"curies":[{"name":"wp","href":"https:\/\/api.w.org\/{rel}","templated":true}]}}